{"id":233,"date":"2021-05-05T16:33:28","date_gmt":"2021-05-05T14:33:28","guid":{"rendered":"https:\/\/www.sac-kaiserswerth.de\/clickandbuilds\/SACKaiserswerth\/?page_id=233"},"modified":"2022-02-14T23:26:54","modified_gmt":"2022-02-14T22:26:54","slug":"gewaesser","status":"publish","type":"page","link":"https:\/\/www.sac-kaiserswerth.de\/index.php\/der-verein\/gewaesser\/","title":{"rendered":"Gew\u00e4sser"},"content":{"rendered":"<div data-colibri-id=\"233-c1\" class=\"style-245 style-local-233-c1 position-relative\">\n  <!---->\n  <div data-colibri-component=\"section\" data-colibri-id=\"233-c2\" id=\"about-2\" class=\"h-section h-section-global-spacing d-flex align-items-lg-center align-items-md-center align-items-center style-294 style-local-233-c2 position-relative\">\n    <!---->\n    <!---->\n    <div class=\"h-section-grid-container h-section-boxed-container\">\n      <!---->\n      <div data-colibri-id=\"233-c3\" class=\"h-row-container gutters-row-lg-0 gutters-row-md-0 gutters-row-0 gutters-row-v-lg-0 gutters-row-v-md-0 gutters-row-v-0 style-295 style-local-233-c3 position-relative\">\n        <!---->\n        <div class=\"h-row justify-content-lg-center justify-content-md-center justify-content-center align-items-lg-stretch align-items-md-stretch align-items-stretch gutters-col-lg-0 gutters-col-md-0 gutters-col-0 gutters-col-v-lg-0 gutters-col-v-md-0 gutters-col-v-0\">\n          <!---->\n          <div class=\"h-column h-column-container d-flex h-col-lg-auto h-col-md-auto h-col-auto style-296-outer style-local-233-c4-outer\">\n            <div data-colibri-id=\"233-c4\" class=\"d-flex h-flex-basis h-column__inner h-px-lg-0 h-px-md-0 h-px-0 v-inner-lg-0 v-inner-md-0 v-inner-0 style-296 style-local-233-c4 position-relative\">\n              <!---->\n              <!---->\n              <div class=\"w-100 h-y-container h-column__content h-column__v-align flex-basis-100 align-self-lg-start align-self-md-start align-self-start\">\n                <!---->\n                <div data-colibri-id=\"233-c5\" class=\"h-global-transition-all h-heading style-297 style-local-233-c5 position-relative h-element\">\n                  <!---->\n                  <div class=\"h-heading__outer style-297 style-local-233-c5\">\n                    <!---->\n                    <!---->\n                    <h5 class=\"\">Suitbertus See<\/h5>\n                  <\/div>\n                <\/div>\n                <div data-colibri-id=\"233-c6\" class=\"h-text h-text-component style-299 style-local-233-c6 position-relative h-element\">\n                  <!---->\n                  <!---->\n                  <div class=\"\">\n                    <p>Der Suitbertus See liegt in D\u00fcsseldorf zwischen Kaiserswerth und dem Flughafengel\u00e4nde. Der See ist durch Kiesf\u00f6rderung entstanden. Das Gew\u00e4sser hat eine Fl\u00e4che von 8,5 Hektar und wird vom SAC Kaiserswerth seit 1970 bewirtschaftet.\n                      Der See hat eine durchschnittliche Tiefe von 4 m. Die tiefste Stelle ist bei normalem Wasserstand 7,50 und bei hohem Wasserstand 9,50 m. Das Gew\u00e4sser ist f\u00fcr die Freizeitfischerei freigegeben. Der Verein besitzt einen g\u00fcltigen Pachtvertrag\n                      mit der Kaiserswerther Diakonie. Der See wird von einem Gr\u00fcng\u00fcrtel ums\u00e4umt. R\u00f6hrichtzonen sind nur wenige vorhanden. Ausser Fischerei werden am See keine weiteren Freizeitaktivit\u00e4ten zugelassen. Das Gel\u00e4nde ist umz\u00e4unt. Im \u00f6stlichen\n                      Bereich liegt eine kleine Insel mit einem Durchmesser von 10 m. Das Betreten der Insel ist nicht erlaubt. Die Insel ist mit B\u00e4umen bewachsen. Das Gew\u00e4sser wird ganzj\u00e4hrig von zahlreichen G\u00e4nsen besucht.<\/p>\n                  <\/div>\n                <\/div>\n              <\/div>\n            <\/div>\n          <\/div>\n          <div class=\"h-column h-column-container d-flex h-col-lg-auto h-col-md-auto h-col-auto style-300-outer style-local-233-c7-outer\">\n            <div data-colibri-id=\"233-c7\" class=\"d-flex h-flex-basis h-column__inner h-ui-empty-state-container h-px-lg-2 h-px-md-2 h-px-2 v-inner-lg-2 v-inner-md-2 v-inner-2 style-300 style-local-233-c7 position-relative\">\n              <div class=\"background-wrapper\">\n                <div class=\"background-layer background-layer-media-container-lg\">\n                  <div class=\"background-layer\">\n                    <div id=\"background-video-233-c7-desktop\" data-video=\"https:\/\/www.sac-kaiserswerth.de\/wp-content\/uploads\/2021\/05\/Mein-Film-5_-2.mp4\" data-poster=\"https:\/\/www.sac-kaiserswerth.de\/wp-content\/uploads\/2021\/05\/cropped-DJI_0053-scaled-2.jpg\"\n                      data-mime-type=\"video\/mp4\" data-position-x=\"48.4161\" data-position-y=\"53.0000\" data-colibri-component=\"video-background\" class=\"cp-video-bg background-layer colibri-video-background lazyload\" style=\"background-image:inherit;\" data-bg-image=\"url(&quot;https:\/\/www.sac-kaiserswerth.de\/wp-content\/uploads\/2021\/05\/cropped-DJI_0053-scaled-2.jpg&quot;)\"><\/div>\n                  <\/div>\n                <\/div>\n                <div class=\"background-layer background-layer-media-container-md\">\n                  <div class=\"background-layer\">\n                    <div id=\"background-video-233-c7-tablet\" data-video=\"https:\/\/www.sac-kaiserswerth.de\/wp-content\/uploads\/2021\/05\/Mein-Film-5_-2.mp4\" data-poster=\"https:\/\/www.sac-kaiserswerth.de\/wp-content\/uploads\/2021\/05\/cropped-DJI_0053-scaled-2.jpg\"\n                      data-mime-type=\"video\/mp4\" data-position-x=\"48.4161\" data-position-y=\"53.0000\" data-colibri-component=\"video-background\" class=\"cp-video-bg background-layer colibri-video-background lazyload\" style=\"background-image:inherit;\" data-bg-image=\"url(&quot;https:\/\/www.sac-kaiserswerth.de\/wp-content\/uploads\/2021\/05\/cropped-DJI_0053-scaled-2.jpg&quot;)\"><\/div>\n                  <\/div>\n                <\/div>\n                <div class=\"background-layer background-layer-media-container\">\n                  <div class=\"background-layer\">\n                    <div id=\"background-video-233-c7-mobile\" data-video=\"https:\/\/www.sac-kaiserswerth.de\/wp-content\/uploads\/2021\/05\/Mein-Film-5_-2.mp4\" data-poster=\"https:\/\/www.sac-kaiserswerth.de\/wp-content\/uploads\/2021\/05\/cropped-DJI_0053-scaled-2.jpg\"\n                      data-mime-type=\"video\/mp4\" data-position-x=\"48.4161\" data-position-y=\"53.0000\" data-colibri-component=\"video-background\" class=\"cp-video-bg background-layer colibri-video-background lazyload\" style=\"background-image:inherit;\" data-bg-image=\"url(&quot;https:\/\/www.sac-kaiserswerth.de\/wp-content\/uploads\/2021\/05\/cropped-DJI_0053-scaled-2.jpg&quot;)\"><\/div>\n                  <\/div>\n                <\/div>\n              <\/div>\n              <!---->\n              <div class=\"w-100 h-y-container h-column__content h-column__v-align flex-basis-100\">\n                <!---->\n              <\/div>\n            <\/div>\n          <\/div>\n        <\/div>\n      <\/div>\n    <\/div>\n  <\/div>\n  <div data-colibri-component=\"section\" data-colibri-id=\"233-c8\" id=\"about\" class=\"h-section h-section-global-spacing d-flex align-items-lg-center align-items-md-center align-items-center style-309 style-local-233-c8 position-relative\">\n    <!---->\n    <!---->\n    <div class=\"h-section-grid-container h-section-boxed-container\">\n      <!---->\n      <div data-colibri-id=\"233-c9\" class=\"h-row-container gutters-row-lg-0 gutters-row-md-0 gutters-row-0 gutters-row-v-lg-0 gutters-row-v-md-0 gutters-row-v-0 style-310 style-local-233-c9 position-relative\">\n        <!---->\n        <div class=\"h-row justify-content-lg-center justify-content-md-center justify-content-center align-items-lg-stretch align-items-md-stretch align-items-stretch gutters-col-lg-0 gutters-col-md-0 gutters-col-0 gutters-col-v-lg-0 gutters-col-v-md-0 gutters-col-v-0\">\n          <!---->\n          <div class=\"h-column h-column-container d-flex h-col-lg-auto h-col-md-auto h-col-auto style-311-outer style-local-233-c10-outer\">\n            <div data-colibri-id=\"233-c10\" class=\"d-flex h-flex-basis h-column__inner h-ui-empty-state-container h-px-lg-0 h-px-md-0 h-px-0 v-inner-lg-0 v-inner-md-0 v-inner-0 style-311 style-local-233-c10 position-relative\">\n              <div class=\"background-wrapper\">\n                <div class=\"background-layer background-layer-media-container-lg\">\n                  <div class=\"background-layer\">\n                    <div id=\"background-video-233-c10-desktop\" data-video=\"https:\/\/www.sac-kaiserswerth.de\/wp-content\/uploads\/2021\/05\/Mein-Film-5-1.mp4\" data-poster=\"https:\/\/www.sac-kaiserswerth.de\/wp-content\/uploads\/2021\/05\/cropped-cropped-DJI_0097-scaled-1.jpg\"\n                      data-mime-type=\"video\/mp4\" data-position-x=\"48.6912\" data-position-y=\"49.5000\" data-colibri-component=\"video-background\" class=\"cp-video-bg background-layer colibri-video-background lazyload\" style=\"background-image:inherit;\" data-bg-image=\"url(&quot;https:\/\/www.sac-kaiserswerth.de\/wp-content\/uploads\/2021\/05\/cropped-cropped-DJI_0097-scaled-1.jpg&quot;)\"><\/div>\n                  <\/div>\n                <\/div>\n                <div class=\"background-layer background-layer-media-container-md\">\n                  <div class=\"background-layer\">\n                    <div id=\"background-video-233-c10-tablet\" data-video=\"https:\/\/www.sac-kaiserswerth.de\/wp-content\/uploads\/2021\/05\/Mein-Film-5-1.mp4\" data-poster=\"https:\/\/www.sac-kaiserswerth.de\/wp-content\/uploads\/2021\/05\/cropped-cropped-DJI_0097-scaled-1.jpg\"\n                      data-mime-type=\"video\/mp4\" data-position-x=\"48.6912\" data-position-y=\"49.5000\" data-colibri-component=\"video-background\" class=\"cp-video-bg background-layer colibri-video-background lazyload\" style=\"background-image:inherit;\" data-bg-image=\"url(&quot;https:\/\/www.sac-kaiserswerth.de\/wp-content\/uploads\/2021\/05\/cropped-cropped-DJI_0097-scaled-1.jpg&quot;)\"><\/div>\n                  <\/div>\n                <\/div>\n                <div class=\"background-layer background-layer-media-container\">\n                  <div class=\"background-layer\">\n                    <div id=\"background-video-233-c10-mobile\" data-video=\"https:\/\/www.sac-kaiserswerth.de\/wp-content\/uploads\/2021\/05\/Mein-Film-5-1.mp4\" data-poster=\"https:\/\/www.sac-kaiserswerth.de\/wp-content\/uploads\/2021\/05\/cropped-cropped-DJI_0097-scaled-1.jpg\"\n                      data-mime-type=\"video\/mp4\" data-position-x=\"48.6912\" data-position-y=\"49.5000\" data-colibri-component=\"video-background\" class=\"cp-video-bg background-layer colibri-video-background lazyload\" style=\"background-image:inherit;\" data-bg-image=\"url(&quot;https:\/\/www.sac-kaiserswerth.de\/wp-content\/uploads\/2021\/05\/cropped-cropped-DJI_0097-scaled-1.jpg&quot;)\"><\/div>\n                  <\/div>\n                <\/div>\n              <\/div>\n              <!---->\n              <div class=\"w-100 h-y-container h-column__content h-column__v-align flex-basis-100\">\n                <!---->\n              <\/div>\n            <\/div>\n          <\/div>\n          <div class=\"h-column h-column-container d-flex h-col-lg-auto h-col-md-auto h-col-auto style-312-outer style-local-233-c11-outer\">\n            <div data-colibri-id=\"233-c11\" class=\"d-flex h-flex-basis h-column__inner h-px-lg-2 h-px-md-2 h-px-2 v-inner-lg-2 v-inner-md-2 v-inner-2 style-312 style-local-233-c11 position-relative\">\n              <!---->\n              <!---->\n              <div class=\"w-100 h-y-container h-column__content h-column__v-align flex-basis-100 align-self-lg-start align-self-md-start align-self-start\">\n                <!---->\n                <div data-colibri-id=\"233-c12\" class=\"h-global-transition-all h-heading style-313 style-local-233-c12 position-relative h-element\">\n                  <!---->\n                  <div class=\"h-heading__outer style-313 style-local-233-c12\">\n                    <!---->\n                    <!---->\n                    <h5 class=\"\">Fliedner See<\/h5>\n                  <\/div>\n                <\/div>\n                <div data-colibri-id=\"233-c13\" class=\"h-text h-text-component style-315 style-local-233-c13 position-relative h-element\">\n                  <!---->\n                  <!---->\n                  <div class=\"\">\n                    <p>Der Fliedner See liegt in direkter Nachbarschaft zum Suitbertus See. Er ist wie dieser durch Ausbaggern zur Kiesgewinnung entstanden. Der See hat eine Fl\u00e4che von 6 Hektar und wird ebenfalls vom SAC bewirtschaftet. Der See ist durchnittlich\n                      6 Meter tief. Die tiefste Stelle bei normalem Wasserstand betr\u00e4gt 11 Meter und bei hohem Wasserstand 13 Meter. Das Gel\u00e4nde ist umz\u00e4unt und rundum von B\u00e4umen und Str\u00e4uchern bewachsen. Auch dieser See wird regelm\u00e4\u00dfig von G\u00e4nsen und\n                      Schw\u00e4nen aufgesucht. Am linken Steilhang nisten mehrere Eisvogelpaare.<\/p>\n                  <\/div>\n                <\/div>\n              <\/div>\n            <\/div>\n          <\/div>\n        <\/div>\n      <\/div>\n    <\/div>\n  <\/div>\n  <div data-colibri-component=\"section\" data-colibri-id=\"233-c14\" id=\"custom\" class=\"h-section h-section-global-spacing d-flex align-items-lg-center align-items-md-center align-items-center style-988 style-local-233-c14 position-relative\">\n    <!---->\n    <!---->\n    <div class=\"h-section-grid-container h-section-boxed-container\">\n      <!---->\n      <div data-colibri-id=\"233-c15\" class=\"h-row-container gutters-row-lg-2 gutters-row-md-2 gutters-row-0 gutters-row-v-lg-2 gutters-row-v-md-2 gutters-row-v-2 style-989 style-local-233-c15 position-relative\">\n        <!---->\n        <div class=\"h-row justify-content-lg-center justify-content-md-center justify-content-center align-items-lg-stretch align-items-md-stretch align-items-stretch gutters-col-lg-2 gutters-col-md-2 gutters-col-0 gutters-col-v-lg-2 gutters-col-v-md-2 gutters-col-v-2\">\n          <!---->\n          <div class=\"h-column h-column-container d-flex h-col-lg-auto h-col-md-auto h-col-auto style-990-outer style-local-233-c16-outer\">\n            <div data-colibri-id=\"233-c16\" class=\"d-flex h-flex-basis h-column__inner h-px-lg-2 h-px-md-2 h-px-2 v-inner-lg-2 v-inner-md-2 v-inner-2 style-990 style-local-233-c16 position-relative\">\n              <!---->\n              <!---->\n              <div class=\"w-100 h-y-container h-column__content h-column__v-align flex-basis-100 align-self-lg-start align-self-md-start align-self-start\">\n                <!---->\n                <div data-colibri-id=\"233-c17\" class=\"h-map style-991 style-local-233-c17 position-relative h-element\" style=\"overflow: hidden;\">\n                  <!---->\n                  <iframe data-src=\"https:\/\/www.google.com\/maps\/embed\/v1\/place?q=d%C3%BCsseldorf,%20weg%20nach%20den%20hingbenden&amp;zoom=15&amp;key=\" class=\"map-iframe lazyload\" src=\"data:image\/svg+xml;base64,PHN2ZyB3aWR0aD0iMSIgaGVpZ2h0PSIxIiB4bWxucz0iaHR0cDovL3d3dy53My5vcmcvMjAwMC9zdmciPjwvc3ZnPg==\" data-load-mode=\"1\"><\/iframe>\n                <\/div>\n              <\/div>\n            <\/div>\n          <\/div>\n        <\/div>\n      <\/div>\n    <\/div>\n  <\/div>\n<\/div>","protected":false},"excerpt":{"rendered":"<p>Suitbertus See Der Suitbertus See liegt in D\u00fcsseldorf zwischen Kaiserswerth und dem Flughafengel\u00e4nde. Der See ist durch Kiesf\u00f6rderung entstanden. Das Gew\u00e4sser hat eine Fl\u00e4che von 8,5 Hektar und wird vom SAC Kaiserswerth seit 1970 bewirtschaftet. Der See hat eine durchschnittliche Tiefe von 4 m. Die tiefste Stelle ist bei normalem Wasserstand 7,50 und bei hohem [&hellip;]<\/p>\n","protected":false},"author":1,"featured_media":0,"parent":199,"menu_order":0,"comment_status":"closed","ping_status":"closed","template":"page-templates\/full-width-page.php","meta":{"footnotes":""},"class_list":["post-233","page","type-page","status-publish","hentry"],"_links":{"self":[{"href":"https:\/\/www.sac-kaiserswerth.de\/index.php\/wp-json\/wp\/v2\/pages\/233","targetHints":{"allow":["GET"]}}],"collection":[{"href":"https:\/\/www.sac-kaiserswerth.de\/index.php\/wp-json\/wp\/v2\/pages"}],"about":[{"href":"https:\/\/www.sac-kaiserswerth.de\/index.php\/wp-json\/wp\/v2\/types\/page"}],"author":[{"embeddable":true,"href":"https:\/\/www.sac-kaiserswerth.de\/index.php\/wp-json\/wp\/v2\/users\/1"}],"replies":[{"embeddable":true,"href":"https:\/\/www.sac-kaiserswerth.de\/index.php\/wp-json\/wp\/v2\/comments?post=233"}],"version-history":[{"count":20,"href":"https:\/\/www.sac-kaiserswerth.de\/index.php\/wp-json\/wp\/v2\/pages\/233\/revisions"}],"predecessor-version":[{"id":3623,"href":"https:\/\/www.sac-kaiserswerth.de\/index.php\/wp-json\/wp\/v2\/pages\/233\/revisions\/3623"}],"up":[{"embeddable":true,"href":"https:\/\/www.sac-kaiserswerth.de\/index.php\/wp-json\/wp\/v2\/pages\/199"}],"wp:attachment":[{"href":"https:\/\/www.sac-kaiserswerth.de\/index.php\/wp-json\/wp\/v2\/media?parent=233"}],"curies":[{"name":"wp","href":"https:\/\/api.w.org\/{rel}","templated":true}]}}